highest common divisor of 36 and l.
36
Let u = 125 + 7. Suppose 52*j - 56*j + 52 = 0. Suppose -5*b - 4*t = -60, 35 = 4*b - 5*t - j. What is the greatest common factor of b and u?
12
Let k = -13 + 40. Suppose 336 = a + k*a. What is the greatest common divisor of 36 and a?
12
Suppose 5*c - i - 1675 = 0, -c - 4*i + 331 = -5*i. Suppose c = 4*k - 2*k. Calculate the highest common factor of 96 and k.
24
Let y(w) = 14*w**2 + 5*w + 30. Let k be y(-4). Let m = 236 - k. What is the highest common divisor of m and 258?
2
Let g = 762 - 768. Let v(i) = -48*i - 228. Let r be v(g). Calculate the greatest common divisor of r and 84.
12
Suppose 0 = 5*x - 7 - 43. Let v(b) = b**3 - 33*b**2 + 19*b - 44. Let r be v(32). Let t = 570 + r. Calculate the greatest common factor of x and t.
10
Let w be 1/(-5) + 42/10 + 3. Let i be 0/((w + -5)*1/2). Suppose -5*c + 67 = -3*c + 5*r, i = -c - 3*r + 33. Calculate the highest common divisor of 9 and c.
9
Let p(l) = -24*l + 233. Let z be p(18). Let b = 274 + z. Let m(s) = -10*s. Let h be m(-3). Calculate the greatest common factor of b and h.
15
Suppose 5*k = -3*t + 49, -3*t = -5*k - 40 - 19. Let a be t/(-3) + (-5 - (-534)/6). What is the greatest common factor of 6 and a?
6
Suppose p - y = 5769, 58*p - 61*p = 4*y - 17328. What is the highest common factor of 3 and p?
3
Let l(f) = -2*f**2 + 2*f + 7. Let h be l(-3). Let p = -11 - h. Suppose 21 = p*c + 9. Calculate the greatest common divisor of 14 and c.
2
Let x(m) = 13*m + 1400. Let r be x(-92). Calculate the greatest common divisor of 4182 and r.
102
Let i be (68/20)/((-124)/(-930)*3/2). What is the greatest common divisor of i and 1?
1
Let z(k) = 326*k**2 - 45*k - 41. Let g be z(-1). Calculate the greatest common divisor of g and 2530.
110
Suppose -2*w - 3*w - 4*k + 13 = 0, -2*w + 2*k - 2 = 0. Let j = -8 - -4. Let a be (j - 176/(-20))/(w/5). Calculate the greatest common factor of a and 12.
12
Let l = 618 - 1102. Let h = l + 489. What is the highest common factor of h and 20?
5
Let a = -149795 + 149982. Suppose -3*z - 96 = -4*b, 5*z - 75 + 27 = -2*b. Suppose 2*x - b = 10. Calculate the highest common factor of a and x.
17
Suppose -5*j + 5*t - 1050 = 0, -4*t = -8 - 4. Suppose -11*a + 345 = 1566. Let c = a - j. What is the highest common factor of c and 12?
12
Let c = -54 - -37. Let d be (-16)/(-136) - 134/c. What is the highest common factor of d and 168?
8
Suppose 150 - 1866 = -4*m. Suppose 0 = 9*a - 6*a - m. Let x be (38 + 1)*(-5)/(-15). Calculate the highest common divisor of a and x.
13
Suppose 3*j - 326 = -u, 5*j - 37*u + 40*u = 538. Calculate the greatest common divisor of 80 and j.
10
Suppose 29*k = 2964 + 1386. Calculate the greatest common divisor of 765 and k.
15
Suppose 0 = 5*d + 4*k - 5668, 22*d = 18*d + 3*k + 4553. Calculate the greatest common factor of d and 16.
16
Suppose 5*c - 73 = f, -6*f = 2*c - 3*f - 36. Suppose -3*u - u = -5*p + 63, 5*u - 15 = 0. What is the greatest common divisor of c and p?
15
Let s(m) = m**3 + 34*m**2 + 161*m - 28. Let k be s(-7). What is the greatest common factor of k and 126?
42
Let f(s) = 2*s - 19. Let h be f(10). Let o be h/2*(-576)/(2/(-1)). What is the highest common divisor of 16 and o?
16
Let i = 323 + -143. Let v(k) = k + 9. Suppose 2*r - 2*h - 47 = -3*r, 49 = 3*r + 4*h. Let w be v(r). What is the highest common factor of i and w?
20
Let t(w) = w**2 - 22*w + 122. Suppose -419 + 107 = -26*p. Let l be t(p). Calculate the highest common divisor of 80 and l.
2
Let f = -30 - -38. Suppose -f*v = -468 - 428. Let o = 229 + -215. What is the greatest common factor of v and o?
14
Suppose 1916 = y - 2*m, 3*y - 5*m = 6203 - 461. Calculate the greatest common divisor of 112 and y.
112
Let b(y) = 58*y**3 - 11*y**2 + 9*y - 2. Let v be b(1). What is the highest common divisor of v and 1026?
54
Suppose -158 - 444 = -14*f. Suppose 42*m + 1 = f*m. Let a = -7 - -17. What is the greatest common divisor of m and a?
1
Suppose -27 = -z + 2*c + 94, z + c - 133 = 0. Calculate the highest common factor of z and 344.
43
Let z = -124 + 200. Suppose 3*a - 35 + 400 = 5*o, 5*o + 3*a = 395. Calculate the highest common factor of o and z.
76
Let p(k) = 3*k**3 - 33*k**2 - 68*k + 15. Let h be p(15). Calculate the highest common factor of 30 and h.
15
Let x = -17555 + 18371. What is the highest common factor of x and 3162?
102
Let l be (-20)/(-6)*(-5 + 32). Let k be (-250)/l - 4/18. Let y be (-3)/15 + k/(15/(-401)). Calculate the highest common factor of 32 and y.
16
Suppose 14*y = 3*y + 1089. Suppose 1478 = 2*t + 1406. What is the greatest common factor of t and y?
9
Let k be 18/189 - (-46)/(-42) - -20. Calculate the highest common divisor of 3686 and k.
19
Let l = 50 + -14. Let c = 48 - l. Let p be (-2)/(-17) - (0 + 11410/(-119)). Calculate the highest common divisor of p and c.
12
Suppose o + 27 + 4 = -g, 3*g = 3*o - 111. Let s = -34 - g. Suppose -6 + 0 = -2*w, -q + 4*w + 30 = s. Calculate the greatest common factor of q and 63.
21
Suppose -4*g + 6*p = 4*p - 232, -4*p = 2*g - 136. Suppose 0 = -2*v - 5*i + g, -3*v - 5*i + 110 = v. What is the greatest common factor of v and 25?
25
Suppose -310*x = -291*x - 627. Calculate the greatest common divisor of x and 4587.
33
Suppose -4*w = -0 - 4. Let j = -411 - -412. What is the highest common divisor of w and j?
1
Let x(g) = -16*g + 635. Let h be x(23). Calculate the highest common divisor of 6 and h.
3
Let i = 90 - 69. Let o = 21 - i. Suppose o = 4*v - 523 - 233. Calculate the greatest common divisor of v and 21.
21
Let p = -197 + 210. Suppose -x - 4*u + 133 + 711 = 0, -3*x - 2*u = -2502. What is the greatest common divisor of x and p?
13
Suppose 50*a - 64 = 58*a. Let n = 38 - a. Suppose 49 = o + k + 3*k, -5*o + 3*k = -360. What is the greatest common factor of o and n?
23
Let i be (-2 - 286/55)*-95. Calculate the highest common divisor of 96 and i.
12
Let d = -528 - -528. Suppose -5*t = -2*q + 209 + 10, 4*t - 4 = d. What is the greatest common factor of q and 70?
14
Suppose 14*o + 961 = 6113. Suppose 2*n = -2*w + 62, -5*n - 102*w + 164 = -106*w. What is the greatest common divisor of o and n?
16
Let m = -3456 + 3479. What is the greatest common factor of 575 and m?
23
Suppose -18*n + 21*n - 96 = 0. Let g = 96 - 9. Let o = g + -39. Calculate the greatest common factor of n and o.
16
Suppose -5*l + 153 + 7 = 0. Let i(t) = 51*t - 288. Let c be i(l). Calculate the greatest common factor of 84 and c.
84
Let n(l) = -38*l + 62. Let t = -65 - -51. Let s be n(t). Suppose -3*f + s = 8*f. What is the greatest common factor of f and 6?
6
Suppose -18*y + 1235 = -1645. Suppose -46*d + y = -36*d. Calculate the greatest common factor of d and 88.
8
Let l = -491 - -454. Let k be (-629)/l + 18/(-2). Calculate the greatest common divisor of 200 and k.
8
Suppose -4*a + 48 = 4*o, 0 = -3*a - o + 6 + 30. Suppose -277 = -a*l + 1103. Calculate the highest common divisor of l and 23.
23
Suppose 2*i - 4*n = 0, 2*i = -9*n + 8*n + 5. Let r be (i + 10/4)/(6/20). Calculate the highest common factor of r and 60.
15
Let t = 104886 + -104731. Suppose v = 4, -3*w - 2*w = v - 159. Calculate the highest common factor of t and w.
31
Let z(s) = -7*s + 21. Let j be z(-9). Suppose 0 = 6*i - 13*i + j. Calculate the highest common factor of 102 and i.
6
Let r be -6*37/((-555)/450). Calculate the highest common divisor of r and 90.
90
Let s(x) = -56*x + 1963. Let c be s(33). What is the greatest common factor of 736 and c?
23
Suppose 0 = -24863*t + 24865*t - 16732. Calculate the highest common factor of t and 178.
178
Suppose -2*f = -0*f + 148. Let n be 16/(-72) - f/9. Let c be 24 - (1 - 255/15). What is the greatest common divisor of c and n?
8
Suppose 0 = -7896*j + 7902*j - 132. What is the greatest common divisor of j and 352?
22
Suppose 0 = 70*t - 74*t + 3*h + 5767, t = -2*h + 1417. Calculate the greatest common divisor of 175 and t.
35
Let d be ((-9)/2)/(14/(-56)). Let g = 360 - d. What is the highest common factor of 9 and g?
9
Suppose -2*o + 13 = -o. Let n be (-581)/(-49) - 120/(-105). Let c be n/o + 1/(2/510). What is the greatest common factor of 32 and c?
32
Let z(x) = 6457*x + 4161. Let d be z(3). What is the highest common factor of d and 48?
12
Let u = 31505 - 31352. What is the highest common divisor of 129 and u?
3
Let i(x) = -3*x**3 + 3